464. Is w composite?
True
Is -2*((-692597)/68)/(1/2) a prime number?
False
Let i(b) = 245218*b - 65. Is i(1) a composite number?
True
Suppose -4*u - 3603 = g - 121433, 4*u = 5*g + 117866. Is u a prime number?
False
Let u = 230670 + -151349. Is u a prime number?
False
Let g(b) = -2*b + 2. Let n = 20 + -26. Let m be g(n). Suppose 6*q - 8756 = -m. Is q a prime number?
False
Let z(j) = 461*j**2 + 49*j - 239. Is z(11) composite?
False
Suppose -13*i - 80430 = 17*i. Let r = -6311 + 4445. Let g = r - i. Is g composite?
True
Let g = 294 + -271. Is (200 + g)/(3 + -2) composite?
False
Let x(n) = 1855*n + 12 - 1 + 12 - 5. Is x(5) composite?
False
Let r = 1478 + 10342. Suppose 2007 - r = -3*h. Is h prime?
True
Let x(g) = 1472*g**3 - g**2 - 3*g + 17. Is x(2) composite?
False
Suppose 3183*h + 125124 = 3195*h. Is h prime?
True
Suppose 7*f = 6*f - 4*z + 15, 6 = 4*f - 2*z. Suppose -111 = f*p - 15846. Is p a composite number?
True
Let t(x) = -x**3 - 9*x**2 - 4*x - 31. Let g be t(-9). Suppose 6*l = 5*r - 985, 5*r - g*l - 925 - 55 = 0. Is r a composite number?
False
Let h(t) = 1700*t**2 - 317*t + 8. Is h(-3) prime?
False
Suppose 0 = -3*a + 9, 15*p - 10*p + 4 = 3*a. Let q(r) be the first derivative of 400*r**4 + 2*r**3/3 + r**2 - 3*r + 4. Is q(p) composite?
False
Let t = -18992 + 48261. Is t composite?
False
Let b = -162727 - -237441. Is b composite?
True
Let o be (-376)/(-11) + 26/(-143). Suppose o*w = 37*w - 60. Is (-12343)/(-5) + (48/w - 2) composite?
True
Suppose -2*c + 2357 = 4*x + 3*c, 3*c + 1151 = 2*x. Let y(w) = 15*w**2 + 2*w + 9. Let s be y(9). Let z = s - x. Is z composite?
False
Let f(m) = -528*m**3 + 6*m**2 - 2*m - 217. Is f(-6) prime?
False
Let l(d) = -28*d**3 + 4*d**2 - 8*d + 2. Let u be l(5). Is u/36*(-8 + 2) a prime number?
False
Let c(q) = -q - 32 + 27 + 880*q**2 + 700*q**2 + 3*q. Is c(3) a prime number?
True
Let d = 611180 + -339421. Is d prime?
False
Suppose b - 5*x - 115066 = 0, 2*b = -3*x + 2*x + 230099. Is b a prime number?
False
Suppose -597411 = -33*o + 315204. Is o composite?
True
Let p be ((-64)/(-24))/((-4)/30). Let r(z) = z + 18. Let m be r(p). Is m/8 - 5599/(-44) a prime number?
True
Suppose 2*f - 162 = 58. Let n = 269 + f. Is n prime?
True
Let o(x) be the second derivative of x**4/12 + x**3/6 + 21001*x**2/2 + 113*x. Is o(0) prime?
True
Suppose 4 = p, -2*p = 3*j - 6*p - 8177. Suppose -2*l + 822 = -5*t - 1885, -2*l - 3*t = -j. Is l a composite number?
False
Suppose -g + 163739 = 6*h - 4*h, 4*g = -4*h + 654972. Is g a composite number?
True
Suppose 41*b - 7766867 = 50*b - 232*b. Is b prime?
False
Let l = 202 - 615. Let o(i) = -4*i**2 + 33*i + 21. Let s be o(9). Is (7 + s)/((-1)/l) a composite number?
True
Let t = -30849 - -238250. Is t composite?
False
Suppose -313*k - 1768476 = -317*k - 2*p, 1326351 = 3*k + 3*p. Is k a composite number?
False
Suppose 3*g + 116221 = 10*g. Is g a prime number?
True
Let f = 5370 + -5520. Suppose b = -0*b + 41. Let x = b - f. Is x a composite number?
False
Let h = 405943 - 286814. Is h a prime number?
True
Suppose -30*n - 2*h = -25*n - 137, -4*n = -2*h - 124. Let v(w) = -w**3 + 40*w**2 - 34*w + 104. Is v(n) prime?
True
Let f(r) = r**2 - 279*r + 59. Is f(-54) composite?
False
Let n(a) = -13421*a - 36. Is n(-1) a prime number?
False
Is (-16942370)/340*(2 + -16) prime?
False
Let z = -29 + 38. Let r be (-141008)/(-144) - 2/z. Let a = r - 674. Is a composite?
True
Let s(x) = 1299*x + 5303. Is s(44) composite?
False
Let t(n) = 1839*n**3 + 7*n**2 - 88*n + 53. Is t(9) composite?
False
Suppose -158*a + 143*a + 792795 = 0. Is a composite?
True
Let y(a) = -8*a - 6. Let t be y(4). Let f = -44 - t. Is (1947/f)/(1/(-2)) a composite number?
True
Suppose 36 = 687*f - 683*f, -4*f + 193714 = 2*c. Is c prime?
False
Let h(v) = v**3 + 10*v**2 + 8*v + 5. Let g be h(-9). Suppose 2*t - 4*m = 2, 0 = -3*t - 4*m - g - 3. Is (10/t)/(8/(-132)) a composite number?
True
Is (-2)/(35/((-76458585)/6)) composite?
True
Suppose -3*h = -h - 3*h. Suppose h = k - 5*i - 18 - 0, 4*k - 5*i = 12. Is (-52)/6*117/12*k a prime number?
False
Let t(o) be the first derivative of -551*o**4/4 + 4*o**3 + 7*o**2/2 + 5*o - 72. Is t(-3) a composite number?
False
Let n(m) be the second derivative of 7*m**3/6 - 27*m**2/2 + 6*m. Let j be n(15). Let d = -41 + j. Is d a composite number?
False
Let g = 37 + -36. Let i be (-1 - g/(-2))*18/(-3). Suppose -2*h + i*b = -160, h - 4*h + 226 = -b. Is h prime?
False
Let i = -257 + 616. Suppose 907 = 6*a - i. Is a composite?
False
Is 67406*((-1581)/(-434) - (-2)/(-14)) prime?
False
Suppose -4*n + 78*o = 74*o - 2709424, 2*o - 2 = 0. Is n composite?
False
Let z(d) be the third derivative of -105*d**4/2 - 89*d**3/6 - 69*d**2. Is z(-21) prime?
True
Let w = 105 + -101. Suppose 16 = -4*s, -j - w*s + 0*s - 9 = 0. Suppose -6216 = -7*z + j. Is z a prime number?
False
Let v = -88848 + 125420. Let x = v - 26031. Is x prime?
False
Let g(h) = 68*h**2 + h - 3. Let m be g(-2). Suppose 0 = 3*f + 33 - m. Suppose -c = f - 812. Is c composite?
True
Let v = -12 + 13. Let d be -189*v/(3/(-4)). Let z = d - -127. Is z a composite number?
False
Let r = 105 - 111. Let n be (0 - -4)*r/8. Is ((-16048)/(-6))/(-8)*n prime?
False
Let v(l) = -13*l**3 + 8*l**2 + 20*l - 33. Is v(-10) a composite number?
False
Let y = -53663 - -126276. Is y prime?
True
Let m be (-3)/5 + (-114)/(-15). Let v be 635 + ((-10)/(-25) - m/5). Is v*1*1/(-4)*-2 a composite number?
False
Let w = 2063 + -1054. Is w a prime number?
True
Is -55 - -904201 - (2 - 3) a prime number?
True
Suppose -4*k - 16 = -3*d, -5*k - 4 = d - 3. Suppose -2*o + 2 = d*i, -4*o = -i - 1 + 6. Is 21/(o - -2) - -2 prime?
True
Suppose 48150 = -19*s + 176723. Suppose 2*c - 2*g = 4488, 3*c + 4*g - s = -0*g. Is c a composite number?
True
Let r = -5275 + -9711. Let s = r - -22419. Is s a composite number?
False
Let p(y) = 135*y**2 + 34 + 4*y - 14*y - 7 - 13*y. Is p(8) composite?
True
Suppose 0 = 4*q + 5*d - 285, -4*q - 5*d + 4*d = -265. Let t = 69 - q. Suppose -4*z = -2*y - 5*z + 14084, 28166 = t*y + z. Is y prime?
False
Let m(u) = 175*u**2 - 998*u + 82. Is m(-69) a prime number?
True
Suppose -2*k = 260*j - 256*j - 22902, k = -5*j + 28620. Is j a composite number?
True
Suppose 0 = -6*r - 22 - 14. Let y(u) = -312*u + 97. Is y(r) prime?
False
Suppose -2*l - w = -4243 - 2483, -4*l = -5*w - 13452. Suppose 55798 + 106691 = -108*a - 53727. Let o = l + a. Is o a prime number?
True
Suppose 3*k - 2*y + 2221 = -2989, 3*y + 5220 = -3*k. Let u = k + 5031. Is u a composite number?
True
Is (7 + (-40)/8)/(((-20)/220442)/(-5)) composite?
False
Let o = 854 + -853. Is 739376/(-3 - o)*1/(-4) composite?
True
Let y(q) = -261*q - 298. Is y(-59) prime?
True
Suppose 0 = -3*m + 32256 + 58464. Suppose -5*z - 61051 = -4*h, 0 = 4*h - 2*z - 30802 - m. Is h composite?
False
Suppose 3*w = w - 16. Let n be w/(-4) - (-2 - -5). Is (n - (3 + -2))*(-3602)/4 prime?
True
Let s = -38856 + 159713. Is s composite?
True
Suppose -2*n + 502400 = 3*z - 182775, 0 = 4*n + 32. Is z a prime number?
False
Let q(y) be the third derivative of -475*y**4/12 + 21*y**3/2 - 2*y**2 + 9*y. Is q(-4) composite?
False
Let g(r) = -14*r**2 + 6 - r**3 - 5 + r + 15. Let y be g(-14). Suppose 2*u = 0, y*k + k - 4*u = 1353. Is k a prime number?
False
Let z(s) = 906*s**2 - 68*s - 217. Is z(-7) composite?
True
Suppose -167*c = -166*c - 2. Suppose -c*v + v = -3*o + 6181, 4 = -v. Is o a prime number?
False
Let u(l) be the first derivative of -85*l**4/2 + l**3 + 4*l**2 + 7*l + 191. Is u(-4) prime?
True
Let x(z) = 45*z**2 + 11*z - 7. Let k be (-4)/3 + (-220)/33. Is x(k) composite?
True
Suppose -36*w = -406843 - 1511921. Is w a composite number?
False
Is ((-81717)/4)/(0 - (1890/312 + -6)) a prime number?
False
Let s(u) = u**3 - 3*u**2 + 112*u - 220. Let n be s(2). Let t = 3 + -1. Suppose n = -5*k + 2*m + 8915, -4*k + 3258 = -t*m - 3876. Is k composite?
True
Let r be 130/585 + 4/(-18). Suppose -5*l - s + 188549 = r, -2*l - 113115 = -5*l + 3*s. Is l a composite number?
True
Suppose 3*y = 6913 + 5165. Suppose 4*f + y = 15*f. Let g = f + -165. Is g composite?
True
Suppose 79*i - 102669 = 58*i. Is i prime?
True
Suppose 0 = 5*a + 229 - 254. Is 21*(a + (-728)/(-6)) composite?
True
Let v(a) = -a - 3*a**3 + 4*a**3 - 8 - 5 + 4 + 11*a**2. Let b be v(-11). Suppose 3*u - b*d = 7*u - 70, -u = -2*d - 5. I